q = -4*q - 7, -3*d + 4*q - 21 = 0. What are the prime factors of ((-10)/(-1))/((-14)/d)?
5
Suppose -5*n - t + 203 = 0, 4*n = 2*t + t + 170. List the prime factors of n.
41
Let p(h) = 4 + 0 - 5 - h - 3*h. List the prime factors of p(-2).
7
Let x be (6*4/12)/1. Suppose x*o + 6 = 0, -147 = -4*n + n - 5*o. List the prime factors of n.
2, 3
Let m = 56 + -35. Suppose 3*t + 3*l = m, l + 3*l - 12 = 4*t. List the prime factors of t.
2
Suppose 3*b - 30 = 30. Let t = 28 - b. List the prime factors of t.
2
Suppose 0 = y - 1 - 2. Suppose -s + 5*h + 6 = -12, 4*s + y*h = 49. What are the prime factors of s?
13
Let c = -10 + 25. List the prime factors of c.
3, 5
Suppose 72 + 0 = 2*c. What are the prime factors of c?
2, 3
Let z(k) = 7*k + 2. Let x be z(-3). What are the prime factors of 1/(-2)*(7 + x)?
2, 3
Let u(w) = 2*w**2 - 3*w + 1. Let s be u(5). Suppose -2*j - 10 = 0, -d - d - 4*j - s = 0. Let n = d + 23. What are the prime factors of n?
3, 5
Let y(n) = -n**3 + 3*n**2 - 3*n + 4. Suppose -2*z + 11 = 5*i, 3*i - 3 = -0*i. Let k be y(z). Let t(c) = -3*c - 5. List the prime factors of t(k).
2, 5
Let t(h) = 2*h**2 - 6*h + 5. Let x be t(5). Let l = 38 - x. List the prime factors of l.
13
Let y be (6/4)/((-3)/(-28)). Suppose -3*g - y = -44. List the prime factors of g.
2, 5
Let x(s) = 2*s**2 - 7*s - 7. What are the prime factors of x(7)?
2, 3, 7
Let d be -51 - 1/(-3 + 2). What are the prime factors of (-2 - 0)/(4/d)?
5
Let l(p) = -p**2 + 6*p + 9. Let w be l(7). Suppose -11 = -b + w. Let j = 30 - b. List the prime factors of j.
17
Suppose 3*m - 134 = 4*r, -5*m = 2*r + r - 262. Suppose 4*d - 18 - 6 = 0. Suppose -d*b + b = -m. List the prime factors of b.
2, 5
Suppose 8*w - 3*w - 975 = 0. List the prime factors of w.
3, 5, 13
Suppose 0 = 4*t + v - 163, 3*t - 141 = -2*v + 5*v. Suppose -2*f - f + t = 0. List the prime factors of f.
2, 7
Let b(o) = 84*o**3 - 3*o**2 + 2. What are the prime factors of b(1)?
83
Suppose -r + 2*r - 2 = 0. Let y(b) = b + 8. Let g be y(-4). List the prime factors of 19*(g - 6/r).
19
Suppose 5*h = -4*m + 505, h + 369 = 5*m - 255. What are the prime factors of m?
5
Let y = 10 - 0. List the prime factors of y.
2, 5
Let v(u) = u + 3. Let f(m) = m. Let x(q) = -2*f(q) - 2*v(q). List the prime factors of x(-4).
2, 5
Let z be (-2 - -3)*(1 + 9). Suppose 24 = -2*g + z. Let w = 12 + g. What are the prime factors of w?
5
Let t = 9 + -6. Suppose -4*s + 37 = n, 4*s - n + t*n = 38. List the prime factors of 1/(3/s*1).
3
List the prime factors of (137 - (9 + -7)) + (-1 - 0).
2, 67
Suppose -121 = -j + 55. List the prime factors of j.
2, 11
Suppose 15*v - 6*v = 2223. List the prime factors of v.
13, 19
Suppose -4*z + 8*z - 196 = 0. List the prime factors of z.
7
Let b(k) = -k**2 + 7*k. Let c be b(4). Suppose 0 = g + g - c. List the prime factors of g.
2, 3
Let z(h) = h**3 + 8*h**2 - 9*h + 6. Let k be z(-9). Suppose -k + 0 = 2*q. List the prime factors of 13 + 1*3/q.
2, 3
Suppose -h = -5*y + 4*h + 40, -y - h + 18 = 0. List the prime factors of (-13 - -12)/((-1)/y).
13
Suppose 45 + 27 = 4*c. Let h = c + -25. What are the prime factors of 6/21 - 117/h?
17
Suppose -15 = -5*d + 5*i, 19 - 7 = 4*d + 4*i. Suppose 0 = -2*h - 5*k - 9 - 16, -d*k - 15 = 0. Suppose 0*w + w - 13 = h. List the prime factors of w.
13
Let w(t) = -t. Let d(a) = a**2 - 2. Let q(z) = d(z) + w(z). Let p be q(2). Suppose p = -s + 3, -c + 4*c - 33 = -4*s. List the prime factors of c.
7
Suppose 0 = -n - 0*n + 401. What are the prime factors of n?
401
Suppose 5*y = -4*t + 1212, -t - 496 = -2*y + 3*t. List the prime factors of y.
2, 61
Let i(b) = b - 3. Let s be i(5). Suppose 2 = 3*o - 5*r - 1, s = 2*o - 3*r. Let y = 6 - o. List the prime factors of y.
5
Suppose u = 25 + 20. List the prime factors of u.
3, 5
Let d be (-22)/(-6) + (-4)/6. Let l(r) = -6*r - 2. Let v be l(-2). Suppose 2*o + v = d*o - 5*g, -30 = -3*o - g. List the prime factors of o.
2, 5
Let v(t) = 5*t**2 + 6*t + 11. List the prime factors of v(-7).
2, 107
Let h(k) = 296*k**2 + k. What are the prime factors of h(1)?
3, 11
Suppose -5*l + 309 = 69. List the prime factors of l.
2, 3
Suppose 3*k - 99 = 4*u, -2*k + u + 64 = -u. List the prime factors of k.
29
Suppose 5*n - 26 = b, -2*n = -5*n - 4*b + 34. Suppose -1 = -2*y - 11, -4*i = -2*y - n. Let k = 11 + i. List the prime factors of k.
2, 5
What are the prime factors of (3 - 27/2)/3*-26?
7, 13
Let r = -29 - -20. Let p(d) = 2*d**3 - 13*d**2 - 10*d - 1. Let i(a) = 3*a**3 - 14*a**2 - 10*a. Let z(q) = -3*i(q) + 4*p(q). List the prime factors of z(r).
5
Let o = 3 + 2. Suppose b = 2*j - 0*b - 27, 0 = 4*j - o*b - 69. What are the prime factors of j?
11
Let d = 21 + -8. List the prime factors of d.
13
What are the prime factors of 13/(-65) + (-22)/(-10)?
2
Let r(x) = x**3 - x**2 + 1. Let g be r(0). Let y = -17 + 6. Let m = g - y. What are the prime factors of m?
2, 3
Let w(h) = h - 6. Let p be w(7). Let i be -6*2/4*p. Let b = 0 - i. What are the prime factors of b?
3
Let b = -6 + 9. Suppose 0*n + b = -3*n. Let z = 1 - n. List the prime factors of z.
2
Let o(k) = -4*k + 12. Let v be o(8). Let d = v + 28. Let s = d - 2. What are the prime factors of s?
2, 3
Let o(y) = -7*y**2 + 21*y + 11. Let l(c) = 4*c**2 - 10*c - 6. Let d(v) = 5*l(v) + 3*o(v). List the prime factors of d(10).
3, 11
Let s(m) = -12*m - 22. What are the prime factors of s(-21)?
2, 5, 23
Let f = 7 - -13. What are the prime factors of f?
2, 5
Let r(g) = -3*g**3 + 5*g + 3. What are the prime factors of r(-3)?
3, 23
Suppose z = 4*z - 21. Let w(t) = -t**3 - 4*t**2 - 5*t - 6. Let v be w(-5). Suppose -3*u - z + v = 5*r, 2*r - 13 = -u. List the prime factors of u.
3
Let d(g) = -g**2 - 6*g - 3. Let v be d(-4). Let s be (24 - 0)*14/21. List the prime factors of (v - (0 + 3)) + s.
2, 3
List the prime factors of (-16)/(-88) + (-977)/(-11).
89
Let c(o) = -5 - 3*o + 3*o**2 + o**3 + 5. Suppose -10 - 5 = 5*h. List the prime factors of c(h).
3
Let a(x) = 4*x**2 - 8*x + 2. What are the prime factors of a(-4)?
2, 7
Let n(d) = d**3 + 12*d**2 + 7*d - 9. List the prime factors of n(-11).
5, 7
List the prime factors of 4 + (9 - 5) + 2 + 183.
193
Let x(d) = d**3 + d**2 - 4*d + 3. What are the prime factors of x(3)?
3
Suppose 0 = -2*q - 0*q. Let i be (q + 10)/(-10 - -9). Let s = i + 18. List the prime factors of s.
2
Suppose 2*w - h = 20 + 37, 3*w + h - 93 = 0. Suppose -4*u + 18 = 2*f, -4*u + 6*f = 3*f - 3. Suppose w = 2*z + u*z. What are the prime factors of z?
2, 3
Suppose 0 = q + a - 33, -3*q + 4*a = -q - 48. Let b be q/(-12)*(-36)/10. Suppose -x = 2*x - b. List the prime factors of x.
3
Suppose -3*x + 8 = x. Let t be (-1 + 2)/(1/3). Suppose -39 = -t*a + c, x*c = -3*a + 4*a - 13. List the prime factors of a.
13
Let y = 42 + 2. What are the prime factors of y?
2, 11
Let f be (-2)/(-3) - 1437/9. Let z be f/(-6) - 1/2. Let c = z + -18. What are the prime factors of c?
2
Let d = -8 - -5. Let a be (3 + d)/((-1)/(-1)). Suppose 0 = -a*o - 4*o - 4*p + 32, -3*o = -3*p - 30. List the prime factors of o.
3
Suppose 4*v - 18 = 2. Suppose -v*l + 10*l + 2*j = 6, -j - 2 = 0. What are the prime factors of l?
2
Let k = -19 + 25. Suppose 154 = -2*f + k*f + 3*z, 3*f - 122 = z. List the prime factors of f.
2, 5
Let x be (1 - -4)/((-2)/4). List the prime factors of (12/5)/(x/(-50)).
2, 3
Suppose 2*h + 12 + 2 = 0. Suppose -3*w - 27 = -2*u, -2*u + 45 = 2*u - 3*w. Let o = u + h. List the prime factors of o.
2
Let a(q) = 35*q. Let v(t) = 17*t. Let o(z) = 2*a(z) - 5*v(z). Let u be o(-2). Suppose 0*l - 3*l + u = 0. What are the prime factors of l?
2, 5
Let j(q) = -q**3 - 9*q**2 - 8*q + 7. Let h be j(-8). Suppose -5*g + h = -13. Suppose g*u - 22 = 26. List the prime factors of u.
2, 3
Suppose 3*y - 16 = 29. Let k = 7 + y. List the prime factors of k.
2, 11
Suppose 0 = 2*h - 3*b - 9, -h - 1 = -3*h - 5*b. List the prime factors of (h/(-9))/(2/(-78)).
13
Let q(o) = o + 8. Let n = 0 - 0. What are the prime factors of q(n)?
2
Let w(l) = 10*l**3 - l**2 + 2*l - 1. Let h be w(1). Let a be (-102)/h - 1/(-5). List the prime factors of ((-4)/a)/(1/25).
2, 5
Let p(g) = g**3 - 4*g**2 - 5*g + 4. Let v be p(5). Suppose 3*b - 5*h = 98, 7*b + v*h - 62 = 4*b. Suppose 2*l - b + 8 = 0. List the prime factors of l.
3
Suppose -5 = -2*u - o, -u = -4*o - 0*o + 20. Suppose u*j = -2*j - 2*x + 14, -3*j = 4